 digit of 84178735?
8
What is the ten millions digit of 3485069697?
8
What is the tens digit of 9814250?
5
What is the ten thousands digit of 1083055392?
5
What is the ten thousands digit of 303598313?
9
What is the thousands digit of 1501121836?
1
What is the billions digit of 9484178826?
9
What is the hundred thousands digit of 5235797352?
7
What is the hundred millions digit of 960357451?
9
What is the ten thousands digit of 83891578?
9
What is the billions digit of 5541514109?
5
What is the thousands digit of 330720900?
0
What is the ten millions digit of 116563188?
1
What is the ten thousands digit of 47160553?
6
What is the millions digit of 274467973?
4
What is the tens digit of 223059893?
9
What is the thousands digit of 235459012?
9
What is the units digit of 852861904?
4
What is the tens digit of 71275113?
1
What is the billions digit of 1765318619?
1
What is the millions digit of 2257173621?
7
What is the ten thousands digit of 8481744052?
4
What is the ten millions digit of 325023599?
2
What is the ten thousands digit of 74361179?
6
What is the thousands digit of 511504729?
4
What is the units digit of 5927396?
6
What is the ten thousands digit of 12912248?
1
What is the hundred millions digit of 204228176?
2
What is the tens digit of 713292?
9
What is the thousands digit of 20355784?
5
What is the hundreds digit of 42134269?
2
What is the hundred thousands digit of 795444391?
4
What is the millions digit of 81485386?
1
What is the tens digit of 624682022?
2
What is the hundreds digit of 102918531?
5
What is the millions digit of 53616200?
3
What is the thousands digit of 6016290143?
0
What is the hundreds digit of 33067294?
2
What is the ten thousands digit of 334071478?
7
What is the units digit of 1263578931?
1
What is the tens digit of 4224160272?
7
What is the hundreds digit of 17675348?
3
What is the millions digit of 574743512?
4
What is the hundred thousands digit of 85530387?
5
What is the ten thousands digit of 64169523?
6
What is the hundred thousands digit of 168417865?
4
What is the tens digit of 674510227?
2
What is the tens digit of 3177710555?
5
What is the tens digit of 73293512?
1
What is the ten thousands digit of 4707307?
0
What is the units digit of 717820812?
2
What is the billions digit of 2437893113?
2
What is the units digit of 607718576?
6
What is the hundred millions digit of 632754251?
6
What is the units digit of 481935841?
1
What is the units digit of 3898520228?
8
What is the thousands digit of 1710553?
0
What is the ten thousands digit of 387977336?
7
What is the hundreds digit of 982832914?
9
What is the units digit of 8169155121?
1
What is the millions digit of 5488761?
5
What is the ten millions digit of 12573496?
1
What is the hundred millions digit of 233519115?
2
What is the ten millions digit of 2606497893?
0
What is the tens digit of 16811148?
4
What is the billions digit of 2004711154?
2
What is the hundred thousands digit of 51502768?
5
What is the hundred millions digit of 247485323?
2
What is the hundreds digit of 67176167?
1
What is the thousands digit of 14728408?
8
What is the billions digit of 5739621808?
5
What is the units digit of 5216788184?
4
What is the hundred thousands digit of 401179266?
1
What is the units digit of 196200301?
1
What is the ten millions digit of 54568209?
5
What is the ten thousands digit of 10621006?
2
What is the units digit of 2550754202?
2
What is the ten thousands digit of 18552356?
5
What is the millions digit of 17012594?
7
What is the ten millions digit of 19965020?
1
What is the millions digit of 101872892?
1
What is the thousands digit of 936011560?
1
What is the thousands digit of 11229661?
9
What is the ten millions digit of 1157154579?
5
What is the ten thousands digit of 54371204?
7
What is the hundreds digit of 46813045?
0
What is the hundreds digit of 239050894?
8
What is the hundreds digit of 2138422378?
3
What is the millions digit of 261396281?
1
What is the ten millions digit of 291323615?
9
What is the hundreds digit of 1673791874?
8
What is the hundred thousands digit of 2570587570?
5
What is the units digit of 3138710?
0
What is the tens digit of 6502355?
5
What is the hundreds digit of 1928719487?
4
What is the hundreds digit of 81116027?
0
What is the ten millions digit of 428179521?
2
What is the ten thousands digit of 109493012?
9
What is the thousands digit of 27768658?
8
What is the hundreds digit of 5311627891?
8
What is the ten thousands digit of 8443299?
4
What is the millions digit of 387912968?
7
What is the tens digit of 7002005?
0
What is the thousands digit of 400578478?
8
What is the hundred millions digit of 180791749?
1
What is the thousands digit of 1090644161?
4
What is the units digit of 25100012?
2
What is the hundreds digit of 262640723?
7
What is the ten millions digit of 711486100?
1
What is the thousands digit of 96562205?
2
What is the tens digit of 174382822?
2
What is the hundred thousands digit of 2208369127?
3
What is the hundred thousands digit of 339596020?
5
What is the thousands digit of 3653846202?
6
What is the billions digit of 1933533591?
1
What is the ten thousands digit of 2187464?
8
What is the hundred millions digit of 287130746?
2
What is the ten millions digit of 4660088777?
6
What is the hundred thousands digit of 3665012599?
0
What is the hundreds digit of 511812661?
6
What is the millions digit of 84590977?
4
What is the hundred thousands digit of 16806123?
8
What is the units digit of 106612506?
6
What is the units digit of 3989992842?
2
What is the hundred thousands digit of 94424406?
4
What is the ten thousands digit of 393902962?
0
What is the hundreds digit of 7665753765?
7
What is the units digit of 42523319?
9
What is the ten thousands digit of 596496294?
9
What is the thousands digit of 1795646721?
6
What is the millions digit of 721813711?
1
What is the ten millions digit of 1005784284?
0
What is the hundreds digit of 1395091?
0
What is the ten millions digit of 170638567?
7
What is the ten millions digit of 168248383?
6
What is the tens digit of 218797597?
9
What is the hundreds digit of 841617625?
6
What is the hundred thousands digit of 73644521?
6
What is the hundred millions digit of 116673533?
1
What is the hundreds digit of 28333564?
5
What is the thousands digit of 1339959669?
9
What is the units digit of 205386429?
9
What is the hundred thousands digit of 86450900?
4
What is the units digit of 30096010?
0
What is the tens digit of 211101369?
6
What is the units digit of 2193638771?
1
What is the units digit of 4633800?
0
What is the ten thousands digit of 586082362?
8
What is the millions digit of 535989547?
5
What is the ten millions digit of 921148232?
2
What is the hundreds digit of 48686747?
7
What is the units digit of 228624155?
5
What is the thousands digit of 1398766864?
6
What is the tens digit of 83461728?
2
What is the thousands digit of 21100492?
0
What is the thousands digit of 317448590?
8
What is the thousands digit of 2885661?
5
What is the thousands digit of 981596321?
6
What is the ten millions digit of 4094280932?
9
What is the thousands digit of 830343?
0
What is the millions digit of 98592386?
8
What is the units digit of 67953127?
7
What is the hundred thousands digit of 2411963348?
9
What is the thousands digit of 214841450?
1
What is the millions digit of 471316959?
1
What is the millions digit of 2338818890?
8
What is the thousands digit of 1925938830?
8
What is the hundred millions digit of 1552019033?
5
What is the tens digit of 62948071?
7
What is the units digit of 57016632?
2
What is the units digit of 3037323757?
7
What is the hundred thousands digit of 4999690907?
6
What is the hundreds digit of 88703593?
5
What is the hundred thousands digit of 1108791281?
7
What is the millions digit of 332521317?
2
What is the ten thousands digit of 2101709813?
0
What is the ten thousands digit of 3080570032?
7
What is the tens digit of 190563113?
1
What is the hundred thousands digit of 410546935?
5
What is the units digit of 3018538770?
0
What is the millions digit of 75353445?
5
What is the hundreds digit of 4156045264?
2
What is the units digit of 10240550?
0
What is the billions digit of 3393822571?
3
What is the hundred millions digit of 491441